+ (-2 + -10 - 0).
-7
Calculate (-5 - -2) + 1 + -4 + 1.
-5
Evaluate 8 + (-9 - 6) + 14.
7
Calculate (3 - 2) + -15 + 13 - -2.
1
What is the value of 3 + -4 + 1 + -3 + 6?
3
What is the value of (3 - 6 - -4) + 34 + -34?
1
Evaluate 1 + (5 - 3) - 7.
-4
Calculate (-5 - -14) + -13 - (-1 - 8).
5
Calculate 1 + (-6 + 2 - (-4 - -1)).
0
Calculate -1 - -7 - (-15 - -28).
-7
Calculate -3 + 10 + -1 + 2 + -6.
2
(2 - -1) + -1 + -2
0
Evaluate -1 - -2 - (6 + -11 + 10).
-4
What is the value of 2 - (1 + 5 + -2) - 2?
-4
Evaluate (-2 - (3 + -3)) + -2 + 6.
2
Evaluate -8 - (5 - 6 - 2).
-5
What is the value of 7 - (9 - 1 - 6)?
5
-6 - 1 - (-10 - -5)
-2
Calculate -7 - (0 - 4 - -2 - 1).
-4
What is the value of -4 + (-6 - -1 - -7) - -2?
0
-4 + -1 - (3 + 7 + -19)
4
(-1 - 1 - -2) + (1 - 0)
1
-10 - (5 + 4 - 10)
-9
(1 - 4) + (-4 - -1)
-6
Calculate 2 + (3 + -9 + 3 - 3).
-4
Evaluate 0 - (-1 + 2 + -5).
4
What is 2 + (-5 - -4) - 2?
-1
Calculate 2 + -4 + -9 - (-1 + -5).
-5
What is (4 + -2 - 4) + 2?
0
-7 + -1 + 4 + 1
-3
Evaluate (-2 - -5 - 4) + 4.
3
Evaluate 0 + (0 + 2 - 5) + 6.
3
What is the value of 25 - 23 - (-3 - -1)?
4
What is the value of 13 + 10 + -26 + 4 + -1?
0
Calculate 4 + (-6 - (8 - 14)).
4
Evaluate 0 + 1 - 7 - -3.
-3
What is 7 + -10 + (-1 - 0 - -5)?
1
What is the value of 3 + -1 + -6 + 2?
-2
Calculate -10 + 7 + (4 - -1).
2
What is -13 - -2 - (-10 + 5)?
-6
0 + 14 - (9 - -5)
0
What is -4 + -2 - (-22 + 14)?
2
Calculate -257 - -270 - (0 + -2 - -7).
8
What is the value of -1 + 4 + (-3 - 1) - 3?
-4
What is 3 + 0 + -25 + 24?
2
Calculate (-39 - -34) + (4 - (0 + 0)).
-1
Calculate (1 - 0) + (-3 - -4 - -3).
5
What is (-8 - -3 - -5) + 3?
3
Calculate (-2 - -4) + 0 + -8.
-6
What is the value of -16 + 1 + -143 + 148?
-10
0 + 1 + -3 + -2
-4
Calculate 1 + 0 + -1 - (7 + -9).
2
2 + -7 - (-1 + (-7 - -4))
-1
Calculate (3 - 2) + (2 - 4).
-1
What is the value of 14 + -11 + 7 + -3 - 8?
-1
Evaluate 31 + -29 + -6 + (0 - 0).
-4
Evaluate 7 - (7 - (-7 + 11)).
4
Calculate 6 + (-1 - (0 + 0)).
5
Evaluate (-3 - 0) + (13 - 9).
1
Evaluate -12 + (6 - 0) - (-7 + 0).
1
What is the value of -2 + -1 + 4 + -1 - -3?
3
What is (-2 - 0 - -8) + -1 + -5?
0
What is the value of -12 - (10 + -14 - (2 + -1))?
-7
What is (1 - 2) + (0 - 3) + 2?
-2
What is the value of (2 + -1 - 0) + -3 + 6?
4
Calculate 2 - 7 - (1 - (2 - 0)).
-4
Evaluate -16 - -9 - ((2 - -2) + -4).
-7
What is the value of -2 + (-3 - (-9 + (8 - 4)))?
0
What is 0 + 0 + -3 + (-1 - -8)?
4
What is -1 + 5 + (-5 - 4 - -8)?
3
Calculate 43 + -41 - (3 + -1 + -3).
3
What is (0 - -10) + 11 + -16?
5
What is -3 - (-5 - (2 + -2))?
2
Calculate 8 + (-8 - (-1 + -6 + 3)).
4
What is the value of 1 - (0 + (-4 - -4 - -6))?
-5
Evaluate 3 + -4 + 1 + 2.
2
Calculate -5 + (-1 - -12) + -2 + -1.
3
-22 + 29 - (-1 - -5 - 3)
6
Calculate 7 - (9 + -6 + 2).
2
-8 - (2 - 5 - -6) - -6
-5
What is the value of 11 + 9 + -20 + 4?
4
What is 2 + -6 + (-2 + -2 - 1)?
-9
5 + (-7 + 2 - (10 + -8))
-2
What is -2 + -3 + 2 + 1?
-2
Calculate (14 - 2) + (1 - 7) + -4.
2
Calculate 6 + -7 + 22 + -14.
7
Calculate 4 - 0 - (-1 + 4).
1
Evaluate (2 - (3 - 0 - 1)) + 2.
2
Calculate 3 + 6 + -3 + -6.
0
(-3 - 3) + 3 + (1 - 2)
-4
What is the value of (4 + -1 - 6) + 47 + -42?
2
Calculate 4 + -2 - (-8 + 5 - 1).
6
-10 + 9 + 1 + (0 - 0)
0
What is 0 + 4 + (12 - 21)?
-5
What is (12 - (3 + 6)) + -4?
-1
-6 + 8 + 1 + 0
3
Evaluate -6 - 3 - (-4 + -2).
-3
-5 - (2 - 0) - -4
-3
What is 1 + -5 + -6 + 7?
-3
Calculate 1 + 2 + 1 + -3.
1
-2 + 5 + (-10 - (0 - 2))
-5
Evaluate -5 - (-14 - (-8 + 3)).
4
Calculate (-27 + 5 - -8) + 0 + 5.
-9
What is -2 - -3 - (-4 + 4 - 2)?
3
What is the value of 6 - -6 - 8 - 6?
-2
What is the value of (-7 - -2) + (18 - 15)?
-2
What is -16 + (11 + -2 - -3)?
-4
What is (-26 - -15 - -13) + -1 + 0?
1
What is 4 + 3 + -9 + 5 + -5?
-2
Evaluate 7 + -5 - (1 + -1).
2
-5 - (5 + -1 + -5) - -8
4
What is -7 + 3 - 1 - -6?
1
Calculate 4 + -7 - -7 - (1 - -1).
2
Evaluate 6 + -3 - 4 - 2.
-3
Evaluate 23 + -15 - (16 + -2).
-6
Evaluate -5 + (1 - 0 - (42 + -46)).
0
What is -1 + -10 + (17 - 7)?
-1
-12 - (-15 - (-1 - 4))
-2
What is the value of -2 + (4 - 5 - -4)?
1
Evaluate 15 + (-6 - -9) - 7.
11
-4 - (-3 - (-4 + 6))
1
(1 - 8) + -2 + 9
0
Calculate (-311 - -306) + 0 + 9 + 0.
4
Calculate -3 + -1 + -1 + 1.
-4
What is the value of (-12 - -7) + (18 - -2) - 7?
8
What is -7 + (6 - (5 + -4))?
-2
Calculate 7 + (2 - 3) - -6 - 7.
5
Evaluate 51 + -24 + -18 + (-8 - 0).
1
Evaluate (5 - -6 - 10) + 0.
1
0 + -7 + 25 + -13
5
Calculate 0 + 9 + 22 + -27.
4
What is -68 + 63 - (-1 + 1 - 3)?
-2
What is (-3 - 5) + 5 - (-3 + -2)?
2
(0 - -2) + (1 - 8)
-5
Evaluate -3 + -1 + -1 + 0.
-5
Calculate -1 - -2 - (10 + -13).
4
What is the value of (-20 - -20) + (-2 - 2)?
-4
What is -7 - (-6 - -7) - -11?
3
Evaluate (0 + -1 - 2 - 0) + -1.
-4
What is 15 - 19 - (-1 + 5) - -7?
-1
What is the value of (4 - -2) + -9 + 1 + -7?
-9
Evaluate -56 + 52 - (-4 - 1).
1
What is the value of (-41 - -45) + (1 - 0)?
5
Calculate -2 + (-1 - -3) + -5.
-5
Evaluate -7 + 0 + -3 + 4 - -2.
-4
2 + -1 + (-1 - -5)
5
What is -2 + 5 + -4 - (-8 + 3)?
4
2 + -1 + 5 + 1 + -13
-6
What is -23 + 5 + 12 + 11?
5
4 + (4 - 13) + 8 + 1
4
What is 18 - (-6 - (-3 + -15))?
6
What is -3 - 0 - (-6 + 4 + -2)?
1
What is -1 + (0 + 0 - -2)?
1
What is the value of -2 + 1 + 1 + 0 - 0?
0
Evaluate -7 - (6 - 17) - 6.
-2
What is -5 + (-1 - -2) - -2?
-2
What is the value of 2 - (0 - 2) - 6?
-2
What is (1 - 4) + (0 - -3)?
0
Calculate (2 - 1 - (-2 + 0)) + -3.
0
What is (-6 - (1 + 0 + -3)) + 4?
0
Evaluate -4 - (1 - 5 - (0 - -1)).
1
What is -13 + 17 - (-3 + (3 - 3))?
7
What is -9 - (-5 - (11 - 5))?
2
0 + 6 + (3 - 8)
1
Evaluate -10 + 10 + -1 + (0 - 5).
-6
Calculate -10 + 8 - (-9 - -2 - -3).
2
(4 - (-4 - -8)) + (1 - 4)
-3
What is the value of -4 - (-6 + (1 - -2) + -11)?
10
What is the value of -3 - (-7 + 4 - (-3 - -4))?
1
What is -4 + (5 - (1 + 4)) - -3?
-1
Evaluate (-2 + -2 - -4) + -4.
-4
Evaluate 1 + -2 - (-3 - -4).
-2
Calculate (-1 - 3) + (2 - 4) + 1.
-5
-9 + (3 + -7 + 5 - -4)
-4
Calculate -8 + -7 - -7 - -2.
-6
(-2 - (-5 + 3)) + (0 - 0)
0
4 + 3 + -6 + -2
-1
What is the value of 3 + (-3 - 3) - (3 - 4)?
-2
Evaluate 4 + (1 - 4 - 3) - -2.
0
What is (-1 - 0) + 4 - 2?
1
Calculate -1 - 3 - (38 - 35) - -12.
5
6 + -9 - (1 + -5)
1
What is -13 + 8 - (1 + -4) - 1?
-3
What is (-3 - (0 + -8)) + 1 - 2?
4
Evaluate 1 + -8 + -3 + 10 + -7.
-7
Calculate 6 + (-5 - -10 - 6).
5
Calculate -5 + (-4 - -1 - 5) + 10.
-3
What is 20 - (7 - -4) - 9?
0
Calculate (57 - 65) + 19 + -2.
9
Calculate 6 - (12 - 3) - (-2 + -5).
4
Evaluate -19 - -16 - (-9 - -1).
5
Evaluate -2 + 11 + -5 - 6.
-2
Calculate 0 + -1 + 8 + -12.
-5
What is (8 - -7) + -6 + -6?
3
Calculate 0 + -4 + 3 + 1.
0
Calculate (-6 - (-8 + 4 + -1)) + 5.
4
-4 - (-8 + 4 + 4)
-4
Calculate -4 + 2 + (19 - (-9 - -20)).
6
Evaluate (2 - 1) + -2 - -3.
2
Evaluate -1 + 5 + -1 + 2 + -2.
3
Calculate (2 - (-1 - -7)) + -4 + 3.
-5
What is (-6 + 1 + -1 - 9) + 6?
-9
What is -7 + -8 + (19 - 14)?
-10
Evaluate 69 - 75 - (-12 - 2).
8
Evaluate 3 + -2 + 3 - (8 + 2).
-6
Calculate (-3 - -4) + (-7 - (-6 - -5)).
-5
Evaluate -6 - 1 - (5 + -7) - -8.
3
What is the value of 1 + (-1 - 6 - (1 + -4))?
-3
Evaluate (1 - -13) + -2 + -5 + -1.
6
Calculate -7 + 2 + 1 - (-1 - -1).
-4
-6 + -1 + -2 + 5
-4
Calculate 4 + -1 - (7 + 11 - 17).
2
Calculate (-2 - 3) + (138 - 135).
-2
11 + (-18 - -6) + (-5 - -4)
-2
Evaluate 6 + -10 + 0 + (0 - -8).
4
What is the value of 4 - -1 - (15 - 24 - -6)?
8
Calculate -3 + 2 + (3 - 4).
-2
What is ((4 - 7) + 8 - -1) + -8?
-2
What is 7 - (6 + -11) - (6 - 1)?
7
(22 - 8 - 6) + -9
-1
-5 - (-3 - (-5 - -3))
-4
Evaluate 1 - (0 + -3 + -1 - -1).
4
Calculate 2 - (-1 + 3) - (1 - 6).
5
What is (-13 + 6 - -6) + 5?
4
What is -1 + (3 - (3 + 0 - 2))?
1
What is 1 - -1 - (-15 - -14) - 1?
2
7 - (2 - -6 - -4)
-5
What is the value of 7 - (3 + 5 + -1) - -4?
4
What is -5 - -11 - (3 + 5)?
-2
Evaluate -3 - (1 - (3 + 4 + -1)).
2
Calculate 19 + -21 + 3 + -3 + 4.
2
Calculate (-15 - (-10 - -5 - 3)) + -1.
-8
What is the value of 23 - 23 - (0 - -4)?
-4
Calculate 1 - (4 - (-1 + 1)).
-3
6 + (5 - 16) + 6
1
2 - 3 - (-1 + -5)
5
7 + -3 + -1 + 1
4
What is (-4 - (4 - (-4 + 11))) + -4?
-5
What is -2 - (-10 + 11 - 4)?
1
What is the value of (-2 - -5) + -9 + 0 + 5?
-1
Calculate 1 + 2 + (-1 - (1 + 3)).
-2
What is the value of -1 + (3 - -2) + 24 + -30?
-2
2 + 2 - (0 - -